 Let a be 0/(-2) + (-36)/(-12). Suppose a*p + p = -20. What is t(p)?
0
Let r = 17 - 26. Let q(u) = -u**2 - 8*u + 1. Let p be q(r). Let z be 12/p*-6 - 3. Let s(m) = m - 12. Give s(z).
-6
Let p(a) be the third derivative of a**7/2520 - a**6/360 + a**5/40 - 19*a**4/24 + 31*a**2. Let w(s) be the second derivative of p(s). What is w(2)?
3
Let z(y) be the third derivative of -y**4/24 + 7*y**3/6 + 2*y**2 + 51. Determine z(-8).
15
Let x(v) = 6*v + 22. Let d(m) = -3*m - 12. Let s = 47 - 36. Let h(p) = s*d(p) + 6*x(p). What is h(2)?
6
Let x(m) = -2*m - 16. Let f(i) = i**3 + 12*i**2 + 12*i + 3. Let g be f(-11). Let z be x(g). Let c(n) = -n**2 - n - 1. Determine c(z).
-1
Let z(o) = o**2 + o. Let x(n) = -n**2 - 3*n + 5. Let u(f) = x(f) + 2*z(f). Calculate u(0).
5
Let i = -1 + 4. Let v(g) be the first derivative of -2*g**3/3 + 3*g**2/2 + g - 781. Determine v(i).
-8
Let l(z) = z**3 + 17*z**2 - 25. Let s(d) = -2*d**2 - 21*d + 64. Let o be s(3). Give l(o).
-25
Suppose 0 = 5*b - 50 + 15. Suppose -2*n + 5 + b = 0. Let i(o) = o**2 - 7*o + 3. What is i(n)?
-3
Let f(n) = 3*n + 2. Let j(c) = c**2 + 5*c + 6. Let b be j(-1). Determine f(b).
8
Suppose -6*p = -2*p - 8. Let g be p/(-3) - (-2)/(-6). Let z(r) be the third derivative of r**5/12 - r**4/24 - r**2. Determine z(g).
6
Suppose -5*u = -43*y + 45*y - 3, 4*y + 2*u = 30. Suppose -s - s = 4, -5*j = 5*s. Let g be (-320)/(-180) + j/y. Let b(p) = 6*p - 1. What is b(g)?
11
Let m be (-2 - -5 - -3) + 1. Let g(k) = -k + 3. Let z be g(m). Let l = 5 + z. Let f(s) = -7*s - 1. Determine f(l).
-8
Let t be 6/(-9)*(-9)/6. Let p = -4 + t. Let r(l) be the second derivative of -l**4/6 - l**3/6 + l**2/2 - 3*l. What is r(p)?
-14
Let c(k) = 227*k - 2 - 4*k**2 + k**3 + 225*k - 456*k. Determine c(4).
-18
Let l(b) = -2*b + 6. Let i(d) = -d**3 - 8*d**2 - d + 45. Let a be i(-7). Give l(a).
0
Suppose -2*c = -c + 12. Let q = c - -11. Let b(f) = -f**3 + f**2 + 2*f + 1. Give b(q).
1
Let m(d) = -d**2 - 7*d + 5. Let p be m(-7). Suppose -p*u - 20 = -2*v, 6*u + 32 = 2*v + 4*u. Let z = v + -26. Let r(y) = -y**2 - 5*y - 7. Give r(z).
-13
Let u(q) be the first derivative of q**4/4 + 3*q**3 + 7*q**2 - 10*q - 457. Determine u(-7).
-10
Let s(v) be the third derivative of v**5/60 + v**4/12 - v**3/3 + 110*v**2. Let t be (-2)/3 + 20/(-6). Determine s(t).
6
Let k = 136 - 138. Let m(v) = -v**3 + 2*v**2 + 3*v + 2. Determine m(k).
12
Let h(t) = -t - 2. Let n be h(-3). Let u(w) = 3*w**2 + w + 4. Let a(b) = -2 + 4 - 3*b**2 - 2 - 3. Let k(s) = -3*a(s) - 2*u(s). Calculate k(n).
2
Let q(b) = -b + 1. Let y(j) = -j**2 - 3*j + 11. Let v(m) = -4*q(m) + y(m). Suppose -27*h = -14*h. Calculate v(h).
7
Let x(c) = 58*c - 49. Let p(b) = -31*b + 25. Let z(m) = -11*p(m) - 6*x(m). Calculate z(4).
-9
Let k(h) = h**2 + 6*h - 2. Let l(w) = w**2 + 5*w + 4. Let q(u) = u - 17. Let o be q(12). Let t be l(o). Let x be t - ((2 - -1) + 7). Determine k(x).
-2
Suppose 1019 = 2*b - 2*w + 1047, 5*b + 52 = 3*w. Let f(j) = -j**3 + 6*j**2 + 2. Let n be f(6). Let m(l) = l + 2 + n*l - 2*l. What is m(b)?
-3
Let n(k) = -k**2 - 7*k. Let v = 92 - 52. Let l = v + -48. What is n(l)?
-8
Let a(p) be the second derivative of p**4/12 + p**3 + p**2/2 - 95*p. What is a(-10)?
41
Let v be (-5)/10 + 5/(-2). Let q = v + 0. Let t(u) be the second derivative of u**5/20 + u**4/6 - u**3/6 - u**2/2 - 37*u. Calculate t(q).
-7
Let f be (-57)/(-12) - 9/36. Let y(x) be the second derivative of 0*x**4 + 4*x + 1/20*x**5 + 1/6*x**3 - f*x**2 + 0. Determine y(0).
-9
Let h(u) = -u**2 + 7*u. Let v be (-1 + 4)*119/21. Suppose 5 - v = -3*r. Suppose r*k + 4*p = 3*k - 2, -k + 14 = -4*p. What is h(k)?
6
Suppose 16 = 4*k + 4*x, 2*k = 6*k - 5*x + 29. Let c(i) = 6*i + 2. Determine c(k).
-4
Let l(i) be the second derivative of 0 - 8*i + 3/2*i**2 - 1/6*i**3. Let c be 6 + 1*-1*2. Calculate l(c).
-1
Let s(n) = -11*n**3 + 7*n**2 - 20*n + 32. Let u(r) = 4*r**3 - 2*r**2 + 7*r - 11. Let i(c) = 3*s(c) + 8*u(c). Determine i(4).
8
Let i(o) = 7*o + 2. Suppose -8*g + 6*g + 78 = 0. Let t = g + -24. Let p = t + -13. Calculate i(p).
16
Let q(n) = -4*n. Let d be 8/6*(-30)/(-20). What is q(d)?
-8
Let k(n) = 2*n - 2. Suppose 4*f = 3*m - 35, 0 = -3*f + f - m - 15. Let d be (f - -12) + (-1 - 6). Calculate k(d).
-8
Let s(l) = -5*l**2 + 2*l - 1. Let j = -71 - -74. Suppose -2*c + 3*h = -8, -j*c + 2*h + 2*h = -11. What is s(c)?
-4
Let y(o) be the first derivative of 3*o**2/2 - 4*o - 11. Suppose -3*z - 13 = 2*a, 3*z = -8*a + 13*a + 1. Calculate y(z).
-13
Let u(k) = -5*k - 1. Let o be (-9)/((-36)/(-32)) - -7. Give u(o).
4
Let i(f) be the third derivative of f**6/120 + f**5/6 + f**4/2 + f**3/6 + 30*f**2. What is i(-9)?
-26
Let g(d) be the third derivative of d**5/60 + 7*d**4/12 - 7*d**3/2 - 197*d**2. Determine g(-16).
11
Let s(y) = y**2 - 2. Let x be -2 + 2 - 48/6. Let r = x - -23. Suppose -3*a + 4*a + r = -5*v, -4*v = -5*a + 12. Calculate s(a).
-2
Let f(q) be the third derivative of q**4/12 + q**3/3 + q**2. Suppose -24*n - 32 = -28*n. Suppose -2*t + 3*j - n = 5, -22 = 4*t - 2*j. Calculate f(t).
-8
Suppose 0 = -4*d + 2*d. Suppose q + 74 = 5*b, b + d*b + q - 10 = 0. Suppose 4 = 5*w + b. Let s(f) = 2*f. Calculate s(w).
-4
Let n be -4 + ((-58)/(-12) + -2 - -2). Let r(v) be the third derivative of -n*v**3 + 0 + 0*v + 1/12*v**4 + v**2. Calculate r(-5).
-15
Let t be (-1 - 16)/(-1)*(21 - 20). Suppose t = 2*x + u, u - 3 = x - 4. Let b(i) = 2*i + 2. Calculate b(x).
14
Let h be (-21)/15*10/(-4)*-2. Let f(g) = -g**3 - 6*g**2 + 9*g + 5. Calculate f(h).
-9
Let w(k) = k**3 + 8*k**2 + 6*k - 7. Suppose -5*j - 3*l = 16, -1 = 3*j - l + 3. Let z = -10 - -11. Let q be z/(39/21 + j). Calculate w(q).
0
Let d(o) = -o**3 + 13*o**2 - 2*o + 31. Let u be d(13). Let i(x) = -23*x + x**2 + 3 + 5*x + 6*x + u*x. What is i(4)?
-9
Let y(v) = -v**3 + 5*v**2 - 2*v + 7. Suppose 2*p = 11 - 29. Let h be 0 + 10/45 + (-43)/p. What is y(h)?
-3
Let s(y) be the second derivative of y**3/2 - 2*y**2 + 13127*y. Suppose -g + 0*g + 4 = 0. Determine s(g).
8
Let r = 15 + -86. Let l = 77 + r. Let m(q) = -q**3 + 5*q**2 + 4*q - 4. Determine m(l).
-16
Let t = -6 - -8. Suppose 5*m = -t + 7. Let x(f) = -1 + 510*f**2 - 518*f**2 + 1. Determine x(m).
-8
Let v(n) be the first derivative of 2*n**3/3 - 5*n**2/2 + 5*n + 695. What is v(2)?
3
Let q = -340 - -343. Let j(x) = -2*x**3 + 4*x**2 - 4*x. What is j(q)?
-30
Suppose -3*j + 0*h = h - 7, 0 = 3*h + 6. Let l(n) be the third derivative of 0 + 0*n - 1/12*n**4 + 2/3*n**3 + 7*n**2. Give l(j).
-2
Suppose 37 = 7*j + 72. Let s be (-3)/7 - ((-300)/(-35) + j). Let x(o) be the third derivative of -o**4/24 - 2*o**3/3 + o**2. Determine x(s).
0
Let o(q) = -2*q**3 - 3*q**2 - 4*q - 3. Let i be -2 - ((-13 - -6) + 7). Calculate o(i).
9
Suppose 0*d + 4*d - 12 = -p, -3*p + 3*d = -6. Let n(l) = 14*l**3 - l**2 - 2*l - 12. Let x(b) = 5*b**3 - b - 4. Let g(c) = 4*n(c) - 11*x(c). Calculate g(p).
8
Let m = -2 - -3. Let x(c) = c**2. Let w(p) = -11*p**2 - p. Suppose -6 = -12*l + 9*l. Let h(a) = l*x(a) + w(a). Give h(m).
-10
Let p(i) = 65*i + 7. Let f(z) = 57*z + 8. Let n(t) = 7*f(t) - 6*p(t). Determine n(-2).
-4
Let m(w) = -w**2 + 3*w + 2. Let c = -10 - -13. Suppose 0 = -4*p + c*g - 12, p - g = g - 3. Let r = 0 - p. Determine m(r).
2
Let y(t) = 6*t**3 + 4*t**2 - t + 8. Let m(d) = 7*d**3 + 4*d**2 - 2*d + 9. Let a(k) = 5*m(k) - 6*y(k). Let o = -17 + 40. Suppose -5*j - o = -8. Determine a(j).
0
Let l(n) = n**3 - 2*n**2 - 5*n. Let y(q) = -q**2 + 14*q + 151. Let p be y(21). Determine l(p).
12
Suppose 13 = 4*j - q, -q + 12 = 3*q. Let g(h) = 6*h + h**2 + j + 7 - 13 - 1. Determine g(-6).
-3
Let w(f) = 3*f - 7. Let b = -605 + 600. Calculate w(b).
-22
Let p = 1 + -1. Let u(q) = -q**3 + 6*q**2 - 5*q - 8. Let a be u(4). Let j(h) = 3*h + p*h - a*h. Calculate j(5).
-5
Let t(v) = v**2 + 15*v + 6. Let j be t(-15). Let s(n) = -3*n - 9. Let c(k) = -2*k - 5. Let w(h) = j*s(h) - 10*c(h). What is w(7)?
10
Let u(r) = -23*r**3 - 35*r**2 - 4. Let o(h) = 15*h**3 + 22*h**2 + 2. Let p(w) = 8*o(w) + 5*u(w). Determine p(2).
40
Suppose -3*i + 2 = -5*y + 18, -38 = 5*i + 3*y. Let j(p) = 11*p + 16*p - 34*p - 4 + 6*p - 1. Give j(i).
2
Suppose -q + 0*q + 7 = 0. Let w(s) = q - 4 - 4*s - 2*s**2 - 6. Calculate w(-3).
-9
Let l(h) = 14*h. Let q(d) = -78*d + 21. Let k(f) = 5*l(f) + q(f). What is k(4)?
-11
Let r(p) be the second derivative 